d by 90?
63
Calculate the remainder when 780 is divided by 29.
26
What is the remainder when 954 is divided by 96?
90
Calculate the remainder when 164 is divided by 35.
24
Calculate the remainder when 1108 is divided by 1108.
0
What is the remainder when 364 is divided by 17?
7
What is the remainder when 558 is divided by 14?
12
Calculate the remainder when 182 is divided by 37.
34
Calculate the remainder when 334 is divided by 67.
66
What is the remainder when 169 is divided by 76?
17
What is the remainder when 1948 is divided by 163?
155
What is the remainder when 308 is divided by 286?
22
Calculate the remainder when 381 is divided by 12.
9
What is the remainder when 825 is divided by 82?
5
What is the remainder when 77 is divided by 27?
23
Calculate the remainder when 259 is divided by 245.
14
Calculate the remainder when 1701 is divided by 23.
22
What is the remainder when 964 is divided by 14?
12
Calculate the remainder when 4178 is divided by 135.
128
Calculate the remainder when 4303 is divided by 73.
69
What is the remainder when 377 is divided by 95?
92
What is the remainder when 587 is divided by 27?
20
What is the remainder when 22456 is divided by 19?
17
Calculate the remainder when 440 is divided by 52.
24
Calculate the remainder when 107 is divided by 32.
11
Calculate the remainder when 193 is divided by 28.
25
Calculate the remainder when 6 is divided by 6.
0
What is the remainder when 2227 is divided by 41?
13
Calculate the remainder when 233 is divided by 13.
12
Calculate the remainder when 125 is divided by 13.
8
What is the remainder when 938 is divided by 31?
8
Calculate the remainder when 1756 is divided by 176.
172
What is the remainder when 1153 is divided by 145?
138
What is the remainder when 408 is divided by 2?
0
Calculate the remainder when 50 is divided by 13.
11
What is the remainder when 283 is divided by 66?
19
What is the remainder when 421 is divided by 38?
3
What is the remainder when 46192 is divided by 261?
256
What is the remainder when 59 is divided by 13?
7
Calculate the remainder when 7085 is divided by 173.
165
Calculate the remainder when 105 is divided by 23.
13
What is the remainder when 74 is divided by 32?
10
Calculate the remainder when 32890 is divided by 127.
124
What is the remainder when 381 is divided by 349?
32
What is the remainder when 1190 is divided by 1185?
5
Calculate the remainder when 42 is divided by 15.
12
What is the remainder when 305 is divided by 122?
61
Calculate the remainder when 1037 is divided by 65.
62
Calculate the remainder when 237 is divided by 106.
25
Calculate the remainder when 109 is divided by 40.
29
What is the remainder when 703 is divided by 116?
7
What is the remainder when 772 is divided by 37?
32
What is the remainder when 3282 is divided by 122?
110
Calculate the remainder when 537 is divided by 27.
24
Calculate the remainder when 266 is divided by 109.
48
Calculate the remainder when 1042 is divided by 55.
52
Calculate the remainder when 119 is divided by 73.
46
What is the remainder when 717 is divided by 98?
31
What is the remainder when 3891 is divided by 139?
138
Calculate the remainder when 613 is divided by 8.
5
What is the remainder when 456 is divided by 31?
22
Calculate the remainder when 24 is divided by 2.
0
What is the remainder when 5378 is divided by 1342?
10
Calculate the remainder when 239 is divided by 27.
23
Calculate the remainder when 3210 is divided by 48.
42
Calculate the remainder when 275 is divided by 71.
62
What is the remainder when 635 is divided by 364?
271
What is the remainder when 119 is divided by 25?
19
What is the remainder when 303 is divided by 35?
23
What is the remainder when 446 is divided by 63?
5
What is the remainder when 119 is divided by 24?
23
What is the remainder when 179 is divided by 49?
32
What is the remainder when 84 is divided by 25?
9
What is the remainder when 36 is divided by 26?
10
What is the remainder when 772 is divided by 104?
44
Calculate the remainder when 132 is divided by 67.
65
What is the remainder when 1067 is divided by 5?
2
What is the remainder when 128 is divided by 78?
50
Calculate the remainder when 170 is divided by 28.
2
What is the remainder when 201 is divided by 35?
26
What is the remainder when 748 is divided by 249?
1
What is the remainder when 46 is divided by 12?
10
What is the remainder when 109 is divided by 107?
2
What is the remainder when 2438 is divided by 788?
74
What is the remainder when 138 is divided by 35?
33
What is the remainder when 3074 is divided by 81?
77
What is the remainder when 87 is divided by 5?
2
Calculate the remainder when 69 is divided by 67.
2
Calculate the remainder when 4496 is divided by 90.
86
What is the remainder when 483 is divided by 149?
36
What is the remainder when 8010 is divided by 382?
370
Calculate the remainder when 239 is divided by 81.
77
Calculate the remainder when 250 is divided by 18.
16
What is the remainder when 231 is divided by 217?
14
Calculate the remainder when 66 is divided by 35.
31
What is the remainder when 208 is divided by 35?
33
What is the remainder when 3717 is divided by 98?
91
Calculate the remainder when 438 is divided by 247.
191
What is the remainder when 471 is divided by 25?
21
Calculate the remainder when 396 is divided by 11.
0
What is the remainder when 1362 is divided by 15?
12
What is the remainder when 714 is divided by 100?
14
Calculate the remainder when 1078 is divided by 79.
51
Calculate the remainder when 60 is divided by 42.
18
What is the remainder when 507 is divided by 136?
99
Calculate the remainder when 1471 is divided by 360.
31
Calculate the remainder when 33600 is divided by 235.
230
Calculate the remainder when 406 is divided by 51.
49
Calculate the remainder when 52 is divided by 26.
0
What is the remainder when 14 is divided by 5?
4
What is the remainder when 86 is divided by 21?
2
Calculate the remainder when 133 is divided by 52.
29
Calculate the remainder when 81 is divided by 56.
25
What is the remainder when 74 is divided by 45?
29
Calculate the remainder when 1991 is divided by 12.
11
What is the remainder when 84 is divided by 17?
16
What is the remainder when 5911 is divided by 51?
46
What is the remainder when 1751 is divided by 251?
245
What is the remainder when 760 is divided by 130?
110
What is the remainder when 779 is divided by 197?
188
What is the remainder when 37 is divided by 6?
1
Calculate the remainder when 189 is divided by 97.
92
Calculate the remainder when 1245 is divided by 36.
21
What is the remainder when 222 is divided by 7?
5
What is the remainder when 210 is divided by 24?
18
What is the remainder when 1101 is divided by 19?
18
What is the remainder when 314 is divided by 97?
23
What is the remainder when 2445 is divided by 14?
9
What is the remainder when 80 is divided by 31?
18
Calculate the remainder when 517 is divided by 52.
49
What is the remainder when 853 is divided by 274?
31
What is the remainder when 63 is divided by 8?
7
Calculate the remainder when 146 is divided by 45.
11
Calculate the remainder when 3905 is divided by 62.
61
What is the remainder when 189 is divided by 39?
33
What is the remainder when 316 is divided by 11?
8
Calculate the remainder when 1341 is divided by 3.
0
What is the remainder when 342 is divided by 58?
52
Calculate the remainder when 1499 is divided by 75.
74
Calculate the remainder when 1678 is divided by 102.
46
What is the remainder when 340 is divided by 31?
30
Calculate the remainder when 14670 is divided by 319.
315
Calculate the remainder when 1206 is divided by 25.
6
Calculate the remainder when 728 is divided by 21.
14
What is the remainder when 2561 is divided by 11?
9
What is the remainder when 85 is divided by 73?
12
Calculate the remainder when 6515 is divided by 181.
180
What is the remainder when 80 is divided by 80?
0
Calculate the remainder when 1428 is divided by 159.
156
What is the remainder when 394 is divided by 116?
46
What is the remainder when 143 is divided by 77?
66
What is the remainder when 54 is divided by 14?
12
What is the remainder when 549 is divided by 2?
1
What is the remainder when 844 is divided by 77?
74
Calculate the remainder when 139 is divided by 69.
1
Calcul